f -a**4/12 + a**3/2 + a**2 + 21*a. Let n be 1/(-1 + 2/4). What is t(n)?
-8
Let a = 98 - 95. Suppose 0*j + 2*s = -j - 8, 2*s = -8. Let g(i) = 0*i**2 - i + 2*i**2 - i**3 + j*i**a + 7*i - 4. Determine g(4).
-12
Let b(k) = -3*k - 2. Suppose 0 = -l - 11 - 10. Let x be (-7)/l - (-10)/6. Let q be (x/4)/((-2)/12). Calculate b(q).
7
Let g(b) be the second derivative of 1/20*b**5 + 0*b**4 + 0 + 0*b**3 - 1/2*b**2 - 4*b. Determine g(0).
-1
Let t = 10 + 0. Suppose -5*q - t = -2*l + 4*l, 0 = -2*l. Let w(a) be the second derivative of a**4/12 + 2*a**3/3 + a**2 + 6*a. Determine w(q).
-2
Let g(r) be the third derivative of 7/24*r**4 + 0*r - 1/60*r**5 + 0 - 2*r**2 + 7/6*r**3. Calculate g(6).
13
Suppose -9*w + 6*w = 0. Let d(f) be the third derivative of -f**2 + 0*f - 1/12*f**4 - f**3 + w. Determine d(-5).
4
Let c(o) = -o**2 + 4*o + 6. Let v be 66/(-8) + (-1)/(-4). Let g be (v - 4/(-2))*-1. Determine c(g).
-6
Let t(z) be the first derivative of -z**4/4 - z**3/3 + z**2/2 - z + 2. Let h(v) = v**2. Let s(u) = h(u) + t(u). Let m = -3 - -4. What is s(m)?
-1
Suppose 1 - 13 = 4*s. Let l(h) = 14*h**2 + 0*h - 3 - 3*h - 5*h**2 + 6*h**3. Let x(w) = -5*w**3 - 8*w**2 + 2*w + 3. Let o(m) = -4*l(m) - 5*x(m). Calculate o(s).
0
Let u(l) = 3*l**2 + 14*l + 1 - 4*l**2 - 13*l. Determine u(0).
1
Suppose -2*r = -3*i - 5*r + 21, 0 = -4*r + 20. Let f(v) = -v + 1. Let l(w) = -3*w + 5. Let x(c) = c - 4. Let h be x(6). Let t(b) = h*f(b) - l(b). Give t(i).
-1
Let p(r) be the second derivative of r**7/420 - r**6/720 - r**5/120 + r**4/3 + 9*r. Let a(w) be the third derivative of p(w). Give a(-1).
6
Let p be 0*(6/(-2))/(-6). Let h(i) = -5*i**3 - 1 + 3*i**2 + p*i**3 + 3*i**3. What is h(2)?
-5
Let f(y) = y - 6. Let c = 5 - 0. Let p be f(c). Let g(i) = -15 + 16 + 4*i**3 + i**3 + 2*i**3. What is g(p)?
-6
Let h = 18 - 0. Let k = -9 + h. Suppose z + 5*d - 14 = 0, 5*z = 2*d - k + 25. Let m(l) = -l**2 + 2*l + 4. Give m(z).
-4
Suppose 0 = r - 6*r + 15. Let a(v) = -v**3 + 0*v**r - 9*v**2 - 4*v + 3*v**2 - v - 4. Give a(-5).
-4
Let g(k) = k**3 + 5*k**2 - k + 1. Let w(n) be the second derivative of n**3/6 - 5*n**2/2 + 3*n. Let a be w(0). Give g(a).
6
Let o(q) = -q - 7. Let g be 34/((-6)/2 - -2). Let k be g/6 - (-6)/9. Give o(k).
-2
Let n(f) = f**3 - 6*f**2 + 3*f**2 + f + 0 + 2. Let w(v) = v - 1. Let g be w(3). Determine n(g).
0
Let y(i) = -i**2 + 4*i + 2. Let d be y(4). Suppose 3*z - 7 = d. Suppose -2*q = -z*q. Let x(g) = g + 10. What is x(q)?
10
Let d(n) = n**3 - 5*n**2 - n + 4. Let y(o) = -2*o**3 + 10*o**2 + 2*o - 8. Let p(g) = 9*d(g) + 4*y(g). Let h = 5 + 0. Calculate p(h).
-1
Let r(m) be the second derivative of -m**5/20 - m**4/2 - m**3 - 7*m**2/2 - 4*m. What is r(-5)?
-2
Let c(q) = 2*q**3 - q**2 + 9*q + 1. Let r(z) = z**3 - z**2 + 4*z. Let w(y) = 2*c(y) - 5*r(y). What is w(2)?
2
Let w be 6/(-5)*(5/(-2))/1. Let m(b) be the second derivative of b**4/12 - b**3/2 + 3*b**2/2 + b. Give m(w).
3
Let h be -2 - (-7 + (-20)/4). Let j(t) = t - 9. Calculate j(h).
1
Let p be (-14)/3 + 4/(-12). Let f(o) be the first derivative of -o**4/4 - 5*o**3/3 + 3*o - 2. Determine f(p).
3
Let y(s) = 3*s + 4. Suppose -10*g + 3*g - 28 = 0. What is y(g)?
-8
Let h(a) = -2*a**2 + 7. Let q(t) = 3*t**2 - 10. Let i(k) = 7*h(k) + 5*q(k). Let x(v) = v**3 + 2*v**2 - 5*v - 4. Let s be x(-3). What is i(s)?
3
Let k(c) = c - 5. Let r = -15 - -19. Suppose 3*j - 8*t - 35 = -r*t, -t + 20 = 5*j. Give k(j).
0
Let z(y) = -y**2 - 1. Let q be 3 + -1 - (-7 - 2). Suppose 5*k + 0*k + q = 2*p, -17 = 3*k + 4*p. Let o = -3 - k. Determine z(o).
-1
Suppose 5*x = 4*x - 14. Let n(u) = -u**3 - 15*u**2 - 14*u + 6. Let k be n(x). Let t(v) = v - 2. Determine t(k).
4
Let b(r) = -r**2 + 6*r + 5. Let w be b(6). Let u(d) be the second derivative of -1/20*d**5 + 0 + 2*d**2 + 1/6*d**3 + 5/12*d**4 - 3*d. Calculate u(w).
9
Let j(n) = -n + 2. Let r be j(0). Let w(u) = -u + 1. Determine w(r).
-1
Let h(d) = 2*d**2 + 5*d - 6. Let k(q) = -q**2 - 3*q + 3. Let t(n) = -4*h(n) - 7*k(n). What is t(4)?
-9
Let c be 3/(-1 - 2/(-8)). Let j(y) = -8*y + 5 + 2*y + 7*y. Calculate j(c).
1
Let w = -10 + 14. Let s be (-10)/(-6) + w/12. Let c(z) = -z + z - 2*z**3 + 2*z**2 + 2. Determine c(s).
-6
Let s = -3 - -1. Let c(y) = -2*y**3 - 3*y**2 - 3*y. Give c(s).
10
Suppose 0 = 5*w + 2*p + 3, 0*w - 5*p = -w + 21. Let t(u) = -8*u**3 + u**2. Determine t(w).
-7
Let m(n) be the second derivative of n**4/6 + n**3/6 - n**2 - n. Suppose 0*k - k + 5 = 0. Suppose 2*c - k*c - 3*s = -3, c + 5 = s. Give m(c).
4
Let a(n) = -5*n + 0*n**2 + 4*n + n**2. Let x(f) = -f + 3. Let w(l) = a(l) + x(l). Suppose -6 = 6*h - 8*h. Determine w(h).
6
Let j(b) = 4*b**2 + b + 7. Let y(g) = -3*g**2 - 6. Let d(k) = 4*j(k) + 5*y(k). Suppose -3*p + 9 = 0, 17 = -4*t - p - 0*p. Calculate d(t).
3
Let a(o) = o**3 + 5*o**2 - 6*o - 6. Let c be a(-6). Let g(f) = f**2 + 6*f + 1. What is g(c)?
1
Let f(p) be the third derivative of -p**6/120 + p**5/15 + p**3/2 + 7*p**2. What is f(4)?
3
Let z(u) = 8*u**3 - 1. Suppose -4*t = t, 5*p + 5 = 5*t. Calculate z(p).
-9
Let o(d) = d. Let n be (-2 - 4)*2/4. Let k = 3 + n. Give o(k).
0
Let i = 12 + -8. Let a(d) = 4*d - i*d - 3*d + 6 + 5*d. What is a(-6)?
-6
Let u(k) = -4*k**3 + k**2 - k - 1. Let r = 56 - 57. What is u(r)?
5
Let z(h) = 5*h**2 + 4*h + 10. Let n(q) = -2*q**2 - q - 3. Let t(x) = 8*n(x) + 3*z(x). Give t(5).
1
Let s(r) = -r**2 + 8*r - 6. Suppose 5*m + 5*n - 45 = 0, 5*m - 2*m - 15 = n. Calculate s(m).
6
Let o(z) = -z**2 + 2*z - 3. Suppose -5*l + 17 = -2*t, t - 14 = -l - 5. What is o(t)?
-11
Suppose 13*a + 227 = 214. Let x(b) be the second derivative of 2*b**4/3 - b**3/6 - b**2/2 + b. Give x(a).
8
Let k be (-34)/8 + 1/4. Let c(i) = 6 + 5*i**3 - 3*i**2 - i - 2*i**2 - 2*i - 2*i. Let u(h) = -h**3 - 1. Let v(r) = c(r) + 6*u(r). Calculate v(k).
4
Suppose -5*f = 3*l, -2*f + 0*f + 26 = -4*l. Let m(b) = 2*b**2 - 3*b + 1. Calculate m(f).
10
Let y(s) = -2*s + 3. Suppose -4*k + 8*k - 12 = 0. Let x(o) = -4*o. Let t be x(-1). Let m(i) = i - 2. Let l(v) = k*y(v) + t*m(v). Give l(-3).
7
Let v(g) = -g + 3 + 2 - 6. What is v(6)?
-7
Let r = 15 + -9. Let p(b) = -b**2 + 7*b + 1. Determine p(r).
7
Suppose b - 5*a - 9 = 19, 0 = a + 5. Suppose -3*t = -0*t - 6. Let y(h) = -h**t - h - 4 + 5*h + 0*h. What is y(b)?
-1
Let f(z) = -2*z + 27. Let a be f(11). Let y(s) = -s**3 + 5*s**2 - s - 3. What is y(a)?
-8
Let q(n) = -n - 4. Let d = 3 + 0. Let r = 5 - d. Suppose -r*z = -3*z. Determine q(z).
-4
Suppose 2*b - 36 + 16 = 0. Let a(r) = -r**2 + 10*r - 2. Determine a(b).
-2
Suppose -2*p + 9 = -3. Let i(w) = 4 + 0*w + 3*w - p + 1. What is i(2)?
5
Let c(n) = n**2 + n - 1. Let f(y) = -4*y**2 - 5*y + 7. Let m(g) = 6*c(g) + f(g). Let i be 48/27 + 6/27. Suppose -b - 6 = i*b. Give m(b).
7
Let r(j) = -3*j + 0*j - 12*j. Let d = 13 + -14. Determine r(d).
15
Let g(k) = 7*k**2 - 6*k - 2. Let x(c) = -c**2 + c. Let d(w) = g(w) + 5*x(w). Let i = 2 + 0. Let q be d(i). Let y(l) = l**2 - 4*l - 1. Determine y(q).
-1
Let h(p) = 4 - 4*p - 3*p**2 - 2 + 4*p**2 + p. Determine h(4).
6
Suppose d + 25 = 3*s, -d - 6 = 5*s - 21. Let i(y) = y. Let k(w) = 14*w - 2. Let m(t) = d*i(t) + k(t). Let r(q) = q**2 - 7*q + 9. Let v be r(6). Calculate m(v).
10
Suppose -8 = -4*g + 4. Suppose g*x = 2*x + 3. Let p(f) = f + 2 + 4*f - x*f. Calculate p(-4).
-6
Let g(v) = v**2 + 7*v + 7. Suppose -2*z = -6*z + 140. Let r be 4/6 + z/15. Suppose 3*t - r = 3*s, -t = -5*s - 0*t - 21. Determine g(s).
-3
Let l(f) = -16*f + 15. Let n(r) = -3*r + 3. Let q(k) = -4*l(k) + 22*n(k). Let d(h) = 1 + 0*h - 4*h + 3*h. Let w(i) = -4*d(i) + q(i). Determine w(-2).
-2
Let r(y) be the first derivative of -2 - 1/24*y**4 + 3/2*y**2 + 0*y + 1/6*y**3. Let i(j) be the second derivative of r(j). Give i(3).
-2
Let s(r) = r**3 + 7*r**2 + 6*r - 2. Suppose 0 = -21*m + 15*m - 36. Determine s(m).
-2
Let i(z) = z**3 - 10*z**2 - 10*z - 8. Let p(x) = 3*x**2 + 4*x + 7. Let w be p(-2). What is i(w)?
3
Let z(g) = 2*g**3 - 4*g**2 + 2*g + 2. Let d(l) = 10 - 6 + 2*l - 6 + 2*l**2. Let n(f) = f + 2. Let i be n(-4). Let o be d(i). Give z(o).
6
Suppose -3*v = 5*k + 16, -4*k + 2*v = -0*k + 4. Let b(h) be the third derivative of 0*h - 1/8*h**4 - 1/3*h**3 + 2*h**2 + 0 - 1/30*h**5. What is b(k)?
-4
Let c = -2 + 1. Let d be 10/4 - 2/(-4). Let t(b) = -b + 2*b**d + 2*b**3 - 1 + b**3. Give t(c).
-5
Let l(d) be the first derivat